tor of 48 and 70104?
24
Calculate the greatest common factor of 123760 and 680.
680
Calculate the greatest common factor of 7 and 8561.
7
Calculate the greatest common factor of 80616 and 24.
24
What is the highest common factor of 364 and 161434?
182
Calculate the greatest common divisor of 180 and 494280.
180
What is the greatest common divisor of 305312 and 434?
14
Calculate the highest common factor of 7076 and 1708.
244
What is the highest common divisor of 1872 and 11472?
48
What is the highest common divisor of 206 and 2236954?
206
Calculate the greatest common divisor of 4927 and 8489.
13
What is the highest common divisor of 26472 and 12?
12
Calculate the greatest common factor of 41016 and 192.
24
Calculate the greatest common factor of 2534 and 1246.
14
What is the highest common divisor of 9657 and 33?
3
Calculate the highest common divisor of 20680 and 18040.
440
Calculate the greatest common factor of 371 and 1106.
7
Calculate the greatest common factor of 44454 and 93.
93
Calculate the highest common divisor of 72 and 60930.
18
Calculate the greatest common divisor of 6105 and 1195.
5
Calculate the highest common divisor of 7859 and 2710.
271
Calculate the highest common divisor of 19 and 7972704.
19
Calculate the highest common factor of 779328 and 198.
198
What is the greatest common divisor of 16 and 13091024?
16
What is the greatest common factor of 154957 and 11?
11
Calculate the greatest common factor of 1632384 and 2704.
208
What is the highest common divisor of 8245 and 261415?
485
What is the greatest common divisor of 960 and 3520?
320
Calculate the highest common factor of 39048 and 40.
8
Calculate the highest common divisor of 6762 and 539.
49
What is the highest common divisor of 23 and 66217?
23
What is the highest common divisor of 7381 and 427?
61
What is the highest common divisor of 44 and 578358?
22
What is the highest common factor of 59714 and 292?
146
Calculate the highest common divisor of 576 and 3312.
144
Calculate the highest common divisor of 1581 and 1457.
31
Calculate the greatest common divisor of 46928 and 280.
56
What is the highest common factor of 225 and 306975?
75
What is the highest common factor of 900 and 130860?
180
Calculate the greatest common divisor of 5797 and 55165.
187
Calculate the greatest common factor of 2354689 and 95.
19
What is the highest common divisor of 5160 and 23640?
120
Calculate the greatest common factor of 12 and 5979.
3
What is the highest common divisor of 72 and 716139?
9
What is the greatest common factor of 112 and 601132?
28
What is the greatest common divisor of 38 and 68647?
19
Calculate the highest common factor of 33523 and 49.
7
What is the greatest common factor of 19872 and 100872?
216
Calculate the highest common divisor of 33551 and 21.
7
Calculate the highest common factor of 1870 and 6596425.
935
Calculate the highest common divisor of 2598 and 5018037.
1299
What is the greatest common divisor of 10695 and 3657?
69
What is the greatest common factor of 1813 and 1042734?
259
Calculate the highest common divisor of 69679 and 59.
59
Calculate the greatest common divisor of 3367 and 33152.
259
Calculate the greatest common divisor of 246512 and 448.
112
What is the highest common divisor of 37184 and 58681?
581
What is the highest common factor of 1848 and 33432?
168
What is the greatest common factor of 450 and 36684?
18
What is the highest common factor of 98854 and 1610?
322
Calculate the highest common factor of 611 and 4237285.
611
Calculate the highest common factor of 17069 and 3718.
169
What is the greatest common factor of 810 and 26595?
135
What is the highest common factor of 53 and 1655773?
53
What is the highest common factor of 406 and 1556140?
58
What is the highest common factor of 101736 and 34344?
648
Calculate the highest common divisor of 4911 and 931453.
1637
Calculate the greatest common factor of 646759 and 159.
53
What is the highest common divisor of 35 and 4365?
5
Calculate the greatest common factor of 1806 and 3248.
14
Calculate the greatest common divisor of 22830 and 15240.
30
What is the highest common divisor of 2159 and 3810?
127
Calculate the highest common factor of 4175443 and 46.
23
Calculate the highest common divisor of 3507366 and 6.
6
Calculate the highest common divisor of 291837 and 546.
273
Calculate the greatest common divisor of 77 and 17138.
11
Calculate the greatest common divisor of 2254 and 440314.
98
Calculate the greatest common factor of 3745 and 2481865.
535
Calculate the greatest common divisor of 2584 and 114.
38
Calculate the greatest common divisor of 133000 and 20520.
760
Calculate the highest common divisor of 64761 and 15.
3
What is the highest common factor of 68117 and 2849?
259
What is the greatest common divisor of 5 and 1576705?
5
What is the highest common factor of 1352445 and 45?
15
What is the highest common divisor of 4050 and 95490?
90
Calculate the greatest common divisor of 223460 and 20.
20
What is the highest common divisor of 1404 and 1248?
156
Calculate the highest common divisor of 1008 and 315252.
252
What is the highest common divisor of 16 and 2475736?
8
Calculate the highest common factor of 4 and 53684.
4
Calculate the highest common factor of 8 and 16270.
2
What is the greatest common divisor of 213373 and 496?
31
What is the greatest common divisor of 3955744 and 52?
52
What is the greatest common factor of 361543 and 203?
203
Calculate the greatest common divisor of 7357 and 252.
7
What is the greatest common divisor of 15998 and 38?
38
What is the highest common divisor of 5175 and 578450?
575
What is the greatest common divisor of 9590 and 37870?
70
What is the highest common divisor of 7267 and 28223?
169
Calculate the highest common factor of 2226 and 14946.
318
What is the highest common factor of 57894 and 354?
6
Calculate the greatest common factor of 36 and 5870268.
36
Calculate the greatest common divisor of 5421 and 278.
139
What is the greatest common factor of 15 and 194980?
5
What is the greatest common divisor of 496 and 47088?
16
Calculate the highest common factor of 2618 and 27250762.
2618
Calculate the highest common factor of 120 and 18820.
20
What is the greatest common divisor of 285 and 9291?
57
What is the greatest common factor of 80 and 802480?
80
Calculate the greatest common divisor of 6108 and 420.
12
Calculate the highest common divisor of 3939505 and 145.
145
What is the greatest common divisor of 406 and 3215317?
203
What is the highest common divisor of 29292 and 88?
4
What is the greatest common factor of 948719 and 17?
17
Calculate the greatest common divisor of 240120 and 25520.
1160
What is the highest common factor of 77062 and 106?
106
What is the greatest common divisor of 54 and 5322?
6
What is the highest common divisor of 1504 and 206189?
47
What is the greatest common divisor of 18 and 162036?
18
What is the highest common factor of 5797 and 18445?
527
Calculate the highest common divisor of 212282 and 10738.
826
What is the highest common factor of 478 and 122846?
478
What is the highest common divisor of 27836 and 12?
4
Calculate the highest common factor of 3519 and 3978.
153
Calculate the highest common divisor of 95776 and 292.
292
What is the highest common divisor of 118520 and 80?
40
What is the highest common divisor of 536284 and 716?
716
Calculate the highest common factor of 10119380 and 60.
20
What is the greatest common divisor of 533538 and 36?
18
Calculate the greatest common divisor of 2370794 and 46.
46
What is the greatest common divisor of 21320 and 89960?
520
What is the highest common factor of 797 and 2889922?
797
What is the greatest common divisor of 66 and 219813?
33
What is the highest common divisor of 2717 and 11869?
143
What is the highest common factor of 204 and 368?
4
What is the highest common divisor of 112617 and 291?
291
Calculate the highest common divisor of 2375 and 133.
19
Calculate the highest common divisor of 8 and 1695724.
4
What is the highest common factor of 1446 and 12?
6
What is the highest common factor of 1926 and 153?
9
Calculate the highest common divisor of 1775 and 9088.
71
What is the highest common factor of 3 and 3331?
1
What is the highest common factor of 46 an